44286, -4*p - 3*x + 88626 = 0. What are the prime factors of p?
2, 3, 13, 71
Let z = 186 + -181. Let t(u) = 15*u**2 - 4*u + 31. List the prime factors of t(z).
2, 193
Suppose 3*v + 3*a - 1989 = 0, 4*v + 5*a - 2203 = 453. Suppose -7*s = v - 3606. Suppose -4*u - s = -5*o, 0 = o - 0*o - 3*u - 93. List the prime factors of o.
3
Let k = -13730 - -24959. What are the prime factors of k?
3, 19, 197
Suppose 209*n + 71632 = 217*n. What are the prime factors of n?
2, 11, 37
Suppose 0 = -4*q - 8*q - 48. What are the prime factors of q/(-12)*(-2 + -1) - -83?
2, 41
Suppose -204950 + 1149305 = 67*x - 2221. List the prime factors of x.
2, 883
Let w = -2777 - -19464. List the prime factors of w.
11, 37, 41
Let k be 16/(-4) + 0 - -2. Let l be ((-40)/60)/(k/3). List the prime factors of ((-2110)/20)/(l/(-2)).
211
Suppose 12*o - 5*o - 14 = 0. Suppose 0 = -5*h - 25, o*h - 859 = -2*c + 5*h. What are the prime factors of c?
2, 211
Let g(y) = -3*y**3 - 54*y**2 + 61*y + 131. What are the prime factors of g(-26)?
3, 547
List the prime factors of (-444771)/(-108)*((-24)/(-9))/1.
2, 17, 19
Let z be (-374)/17 - (-3)/1. List the prime factors of 8/1*z/(-4).
2, 19
Suppose a = -a + 44. Let y(z) = -z - 2*z + z**2 + a + 10*z + 2*z. What are the prime factors of y(-18)?
2, 23
Let n = -30 + 28. Let o = n - -5. Suppose o*p = 2*s - 126, 4*s = -5*p + 280 - 50. What are the prime factors of s?
2, 3, 5
Suppose 89*w = 153995 + 279079. List the prime factors of w.
2, 3, 811
Let n be 7 - (-2)/2*-4. Suppose -n*s - 510 = -z, 0 = 5*z - 4*s - 2209 - 363. List the prime factors of z.
2, 3, 43
Let m = -793 + 799. Suppose 5*j - 14740 = -m*j. What are the prime factors of j?
2, 5, 67
What are the prime factors of ((-27)/(-45))/(15/127700)?
2, 1277
Suppose 0 = -x + 3, -6*n - 5*x + 20 = -n. Let p be ((-1 + n)/(-4))/(-1). Suppose p = -5*a - 3*j + 829, -3*j - 119 - 54 = -a. List the prime factors of a.
167
Let f = -628 + 16. Let t = 1050 + f. What are the prime factors of t?
2, 3, 73
Let w(d) = -1104*d**3 + d**2 - 3*d - 3. What are the prime factors of w(-1)?
5, 13, 17
Let b be (-141)/(-9) - (21/(-9))/7. Suppose -w = 26 + b. What are the prime factors of (-2296)/w*3/2?
2, 41
Let b(l) be the first derivative of -7*l**3/3 + 7*l**2 + 28*l + 15. Let t(g) = -4*g**2 + 7*g + 14. Let m(v) = -3*b(v) + 5*t(v). List the prime factors of m(-7).
2, 3, 7
Let u = 756 - 192. Suppose -d - u = -4*d. Let n = d - 101. List the prime factors of n.
3, 29
Let h(n) = n**2 + 17*n + 32. Let i be h(-15). Suppose -5*m - 31 = 4*s, 19 = m - 5*s + i. List the prime factors of 21*((-156)/(-28) + m).
2, 3
Let i(u) = -12*u - 28. Let o be i(-7). Suppose 0 = -o*g + 52*g + 1404. List the prime factors of g.
3, 13
Suppose 12*t = -272 - 2321 + 52321. List the prime factors of t.
2, 7, 37
Let r(i) = -10 - 18 - 537*i**2 + 0 + 3*i**3 + 525*i**2 + 17*i. What are the prime factors of r(8)?
2, 3, 73
Let u(b) be the third derivative of -8*b**2 - 35/6*b**3 + 0*b - 1/4*b**4 + 0. List the prime factors of u(-15).
5, 11
Let x(f) = -89*f + 3318. List the prime factors of x(0).
2, 3, 7, 79
Suppose -w = 3*o - 2*w - 10, 2*w - 10 = 0. Suppose -2*m = 3*i + 36, 5*i = -o*m + 32 - 132. What are the prime factors of (32 + -2)/((18/m)/(-1))?
2, 5
Suppose 27*g = -3*x + 26*g + 1, 12*x + 4 = 4*g. Let i = -2 + 6. Suppose -2*n + 10 - i = x. List the prime factors of n.
3
Let s(t) = -10*t + 26. Let n be s(-24). Let a = n + -232. List the prime factors of a.
2, 17
Suppose q - 33183 = -5*d - 11077, 88379 = 4*q + 5*d. What are the prime factors of q?
22091
Let k(l) be the first derivative of 23*l**2 + 31*l + 52. What are the prime factors of k(6)?
307
Suppose -5*j + 8 = -2. Suppose -j = u - 0. What are the prime factors of -3 + 4/u + 22?
17
Let v(a) = a**3 + a - 1. Let f(r) = -6*r**3 - 23*r**2 - 11*r - 75. Let d(u) = -f(u) - 5*v(u). List the prime factors of d(-11).
2, 733
Suppose 45*o - 120*o - 133121 + 3233996 = 0. List the prime factors of o.
5, 8269
What are the prime factors of (-14)/84*-12*4451?
2, 4451
Let b = 32 - 28. Let v(m) = m**2 - 8*m + 8. Let k be v(b). What are the prime factors of (-706)/k + (-7)/(-84)*-3?
2, 11
Let h(b) = -b**3 + 5*b**2 + 6*b - 5. Let t be h(6). Let m(o) = -6*o - 15. Let f be m(t). Suppose 3*g - 8*r - 673 = -4*r, 3*r = f. List the prime factors of g.
3, 7, 11
Suppose -5*i - x = -95, 4*i + x = -x + 82. Suppose 3*o + i - 138 = 0. Suppose k - 65 = o. What are the prime factors of k?
3, 5, 7
Let i(k) = -412*k**2 - 6*k + 7. Let z be i(2). Let l = -1088 - z. List the prime factors of l.
5, 113
Let v = -1368 - -3144. Suppose -v = -4*b - 84. What are the prime factors of b?
3, 47
Suppose 5*o + 4*a - 23116 = 3874, o - 5398 = -4*a. Suppose -3*c + d + 3249 = 0, c - 6*c + o = 4*d. What are the prime factors of c?
2, 541
Let d(s) = -53 - 9*s + 11*s + 0*s + 12*s. Suppose -10 = -l - 3*m, -4 = m - 2. What are the prime factors of d(l)?
3, 19
Let p be (888/20)/((-2)/(-5)). Let s be (p - 2) + 15 + -11. Suppose 3*n + s + 15 = 2*d, 0 = 4*d + 4*n - 236. List the prime factors of d.
61
Suppose -23008 = -5*w + g, 502*g = 4*w + 507*g - 18418. What are the prime factors of w?
2, 3, 13, 59
Let w(i) be the second derivative of i**5/20 + 13*i**4/12 - 23*i**3/6 + 8*i**2 + 15*i. Let d be w(-15). Let g = 53 - d. What are the prime factors of g?
2, 71
Let k(u) = 313*u**2 - 271*u + 2868. What are the prime factors of k(11)?
2, 5, 59
Let j(s) = 172*s**2 - 110*s + 583. List the prime factors of j(5).
7, 619
Let g(v) = v**2 - 4*v + 7. Let r be g(4). Let b(x) = -x**2 + 6*x + 5. Let u be b(r). List the prime factors of (-68)/(u/8*(-16)/(-6)).
2, 3, 17
Let u = -232 + 234. List the prime factors of 36/u*(980/21 + -3).
2, 3, 131
Suppose 3*d - 3*p = 4608, 3*d - 1581 = 2*p + 3032. What are the prime factors of d?
23, 67
Let c = -788 - -1185. Let h = c - 236. Suppose -4*p + 55 + h = 0. What are the prime factors of p?
2, 3
Let z(k) = 45*k + 28. Let u be -3*((-4)/(-6) - 2). Let l be z(u). Let h = -95 + l. What are the prime factors of h?
113
Let k(i) = -2*i + 2 + 8*i + 3*i + 2*i - 4*i**2. Let r be k(-4). Let n = 73 - r. What are the prime factors of n?
179
Suppose 0 = 4*h + 3*d - 36674 + 4997, 0 = 5*h - d - 39601. What are the prime factors of h?
2, 3, 5, 11
Let m = 29536 + -7559. What are the prime factors of m?
21977
Let i(o) = -o - 16 + 31*o**2 + 41 - 9 + 0*o**2. List the prime factors of i(5).
2, 3, 131
Let j(s) = 575*s**2 - 2*s - 22 + 71 - 23 - 25. List the prime factors of j(1).
2, 7, 41
Let p(s) = -2*s**2 + 5*s + 10. Let l be 36/(-4 - -8) + -4. Let t be p(l). List the prime factors of (t/10)/((-3)/200).
2, 5
Let w = -980 - -553. Let g = w + 796. What are the prime factors of g?
3, 41
Suppose k + 1370 = 6*k. Let h = -262 - -74. Let n = h + k. What are the prime factors of n?
2, 43
Suppose -3*c - 552*b = -548*b - 38891, 5*c - 64822 = -3*b. What are the prime factors of c?
5, 2593
Suppose -4*y - 3*r + 23 + 8 = 0, -5*y = -r - 34. Suppose 2520 = 5*q + 5*d, -y*q - d = -11*q + 2011. What are the prime factors of q?
503
Let z = 44 + -51. Let g(n) = -5*n - 34. Let v be g(z). List the prime factors of 174*(2 + 1 - v)/4.
3, 29
Suppose 0 = -7*g + 2*g + 25. Suppose 3*l - 82 = g*l + 4*i, -3*i = -5*l - 218. Let u = l - -64. List the prime factors of u.
3, 7
Let w = 30 - 45. Suppose 4*p = 5*s - 240 + 58, -2*s = -5*p - 83. Let x = s + w. What are the prime factors of x?
19
Let d = 4 - 1. Suppose 0 = d*c + 15, 0 = -0*o - 3*o + 3*c + 543. What are the prime factors of o?
2, 11
Let r = 14328 - 6822. Suppose -39*o + 57*o = r. What are the prime factors of o?
3, 139
Let j = 191 - 188. Suppose -j*l + 813 + 427 = -5*o, 0 = -2*l - 4*o + 834. List the prime factors of l.
5, 83
Suppose -5*j + 4*s + 159639 = 0, 0 = -3*j + 4*s + 81165 + 14628. What are the prime factors of j?
3, 3547
Suppose -489531 = -155*n + 1312166 - 206437. List the prime factors of n.
2, 31, 83
Let j(q) = q - 1. Let v be j(3). Suppose 0 = -v*r - 2*b + 3*b, -5*b = 5*r. Suppose 0*p = -g - p + 52, r = -3*p - 6. List the prime factors of g.
2, 3
Suppose 5*s - 4*s - 415 = 0. Suppose h - 1 = 4, -s = -4*x + 5*h. Suppose -u = -w + 22, -4*u - x = -4*w - w. List the prime factors of w.
2, 11
Suppose -1140 = 11*a - 3846. Suppose -a = -q + 146. Suppose -26*g + q = -22*g. What are the prime factors of g?
2, 7
Suppose 4*o - 13 + 41 = 4